{"id":776,"date":"2019-11-23T17:21:35","date_gmt":"2019-11-23T20:21:35","guid":{"rendered":"https:\/\/isfd26-bue.infd.edu.ar\/sitio\/?page_id=776"},"modified":"2026-04-17T11:47:30","modified_gmt":"2026-04-17T14:47:30","slug":"documentos-marco","status":"publish","type":"page","link":"https:\/\/isfd26-bue.infd.edu.ar\/sitio\/documentos-marco\/","title":{"rendered":"DOCUMENTOS MARCO"},"content":{"rendered":"\n<p><strong>REGIMEN ACADEMICO MARCO &#8211; RES. 4196\/24 D.G.C.y E.<\/strong><\/p>\n\n\n\n<div class=\"wp-block-file\"><object class=\"wp-block-file__embed\" data=\"https:\/\/isfd26-bue.infd.edu.ar\/sitio\/wp-content\/uploads\/2024\/12\/ANEXO-I-RAM.pdf\" type=\"application\/pdf\" style=\"width:100%;height:600px\" aria-label=\"Incrustado de ANEXO-I-RAM.\"><\/object><a id=\"wp-block-file--media-3cf74b01-8f45-4f42-aa73-4accb801c749\" href=\"https:\/\/isfd26-bue.infd.edu.ar\/sitio\/wp-content\/uploads\/2024\/12\/ANEXO-I-RAM.pdf\">ANEXO-I-RAM<\/a><a href=\"https:\/\/isfd26-bue.infd.edu.ar\/sitio\/wp-content\/uploads\/2024\/12\/ANEXO-I-RAM.pdf\" class=\"wp-block-file__button wp-element-button\" download aria-describedby=\"wp-block-file--media-3cf74b01-8f45-4f42-aa73-4accb801c749\">Descarga<\/a><\/div>\n\n\n\n<div class=\"wp-block-file\"><object class=\"wp-block-file__embed\" data=\"https:\/\/isfd26-bue.infd.edu.ar\/sitio\/wp-content\/uploads\/2024\/12\/ANEXO-2-RAM.pdf\" type=\"application\/pdf\" style=\"width:100%;height:600px\" aria-label=\"Incrustado de ANEXO-2-RAM.\"><\/object><a id=\"wp-block-file--media-c1022743-adab-48eb-a7e8-c7f6cdaee6da\" href=\"https:\/\/isfd26-bue.infd.edu.ar\/sitio\/wp-content\/uploads\/2024\/12\/ANEXO-2-RAM.pdf\">ANEXO-2-RAM<\/a><a href=\"https:\/\/isfd26-bue.infd.edu.ar\/sitio\/wp-content\/uploads\/2024\/12\/ANEXO-2-RAM.pdf\" class=\"wp-block-file__button wp-element-button\" download aria-describedby=\"wp-block-file--media-c1022743-adab-48eb-a7e8-c7f6cdaee6da\">Descarga<\/a><\/div>\n\n\n\n<div class=\"wp-block-file\"><object class=\"wp-block-file__embed\" data=\"https:\/\/isfd26-bue.infd.edu.ar\/sitio\/wp-content\/uploads\/2024\/12\/ANEXO-3-RAM.pdf\" type=\"application\/pdf\" style=\"width:100%;height:600px\" aria-label=\"Incrustado de ANEXO-3-RAM.\"><\/object><a id=\"wp-block-file--media-1c58df4a-1529-449c-93d5-0941e4e99065\" href=\"https:\/\/isfd26-bue.infd.edu.ar\/sitio\/wp-content\/uploads\/2024\/12\/ANEXO-3-RAM.pdf\">ANEXO-3-RAM<\/a><a href=\"https:\/\/isfd26-bue.infd.edu.ar\/sitio\/wp-content\/uploads\/2024\/12\/ANEXO-3-RAM.pdf\" class=\"wp-block-file__button wp-element-button\" download aria-describedby=\"wp-block-file--media-1c58df4a-1529-449c-93d5-0941e4e99065\">Descarga<\/a><\/div>\n\n\n\n<p><\/p>\n\n\n\n<p><strong>R\u00c9GIMEN ACAD\u00c9MICO INSTITUCIONAL<\/strong><\/p>\n\n\n\n<div class=\"wp-block-file\"><object class=\"wp-block-file__embed\" data=\"https:\/\/isfd26-bue.infd.edu.ar\/sitio\/wp-content\/uploads\/2026\/03\/RAI-ISFDyTN\u00b026.pdf\" type=\"application\/pdf\" style=\"width:100%;height:600px\" aria-label=\"Incrustado de RAI-ISFDyTN\u00b026.\"><\/object><a id=\"wp-block-file--media-67ffc7b2-3de0-4f53-b86d-f7df94447b20\" href=\"https:\/\/isfd26-bue.infd.edu.ar\/sitio\/wp-content\/uploads\/2026\/03\/RAI-ISFDyTN\u00b026.pdf\">RAI-ISFDyTN\u00b026<\/a><a href=\"https:\/\/isfd26-bue.infd.edu.ar\/sitio\/wp-content\/uploads\/2026\/03\/RAI-ISFDyTN\u00b026.pdf\" class=\"wp-block-file__button wp-element-button\" download aria-describedby=\"wp-block-file--media-67ffc7b2-3de0-4f53-b86d-f7df94447b20\"><\/a><\/div>\n\n\n\n<p><\/p>\n\n\n\n<p><strong>PLAN DE EVALUACI\u00d3N INSTITUCIONAL<\/strong><\/p>\n\n\n\n<div class=\"wp-block-file\"><object class=\"wp-block-file__embed\" data=\"https:\/\/isfd26-bue.infd.edu.ar\/sitio\/wp-content\/uploads\/2026\/02\/I-26-PROYECTO-DE-EVALUACION-INSTITUCIONAL.pdf\" type=\"application\/pdf\" style=\"width:100%;height:600px\" aria-label=\"Incrustado de I-26-PROYECTO-DE-EVALUACION-INSTITUCIONAL.\"><\/object><a id=\"wp-block-file--media-ac26cca0-500c-4913-8c81-de1afc63ab4d\" href=\"https:\/\/isfd26-bue.infd.edu.ar\/sitio\/wp-content\/uploads\/2026\/02\/I-26-PROYECTO-DE-EVALUACION-INSTITUCIONAL.pdf\">I-26-PROYECTO-DE-EVALUACION-INSTITUCIONAL<\/a><a href=\"https:\/\/isfd26-bue.infd.edu.ar\/sitio\/wp-content\/uploads\/2026\/02\/I-26-PROYECTO-DE-EVALUACION-INSTITUCIONAL.pdf\" class=\"wp-block-file__button wp-element-button\" download aria-describedby=\"wp-block-file--media-ac26cca0-500c-4913-8c81-de1afc63ab4d\">Descarga<\/a><\/div>\n\n\n\n<p><strong>REGLAMENTO DE PRACTICAS DOCENTES<\/strong><\/p>\n\n\n\n<div class=\"wp-block-file\"><object class=\"wp-block-file__embed\" data=\"https:\/\/isfd26-bue.infd.edu.ar\/sitio\/wp-content\/uploads\/2026\/03\/REGLAMENTO-DE-PRACTICA-DOCENTE.pdf\" type=\"application\/pdf\" style=\"width:100%;height:600px\" aria-label=\"Incrustado de REGLAMENTO-DE-PRACTICA-DOCENTE.\"><\/object><a id=\"wp-block-file--media-936f5e58-bbc4-41b0-b991-2cb69cebecfd\" href=\"https:\/\/isfd26-bue.infd.edu.ar\/sitio\/wp-content\/uploads\/2026\/03\/REGLAMENTO-DE-PRACTICA-DOCENTE.pdf\">REGLAMENTO-DE-PRACTICA-DOCENTE<\/a><a href=\"https:\/\/isfd26-bue.infd.edu.ar\/sitio\/wp-content\/uploads\/2026\/03\/REGLAMENTO-DE-PRACTICA-DOCENTE.pdf\" class=\"wp-block-file__button wp-element-button\" download aria-describedby=\"wp-block-file--media-936f5e58-bbc4-41b0-b991-2cb69cebecfd\">Descarga<\/a><\/div>\n\n\n\n<p><\/p>\n\n\n\n<p><strong>REGLAMENTO PRACTICAS PROFESIONALES<\/strong> (CARRERAS T\u00c9CNICAS)<\/p>\n\n\n\n<div class=\"wp-block-file\"><object class=\"wp-block-file__embed\" data=\"https:\/\/isfd26-bue.infd.edu.ar\/sitio\/wp-content\/uploads\/2025\/09\/REGLAMENTO-DE-PRACTICA-TECNICA-2025.pdf\" type=\"application\/pdf\" style=\"width:100%;height:600px\" aria-label=\"Incrustado de REGLAMENTO-DE-PRACTICA-TECNICA-2025.\"><\/object><a id=\"wp-block-file--media-0c98949c-19d1-43e2-97a3-de80440bfdac\" href=\"https:\/\/isfd26-bue.infd.edu.ar\/sitio\/wp-content\/uploads\/2025\/09\/REGLAMENTO-DE-PRACTICA-TECNICA-2025.pdf\">REGLAMENTO-DE-PRACTICA-TECNICA-2025<\/a><a href=\"https:\/\/isfd26-bue.infd.edu.ar\/sitio\/wp-content\/uploads\/2025\/09\/REGLAMENTO-DE-PRACTICA-TECNICA-2025.pdf\" class=\"wp-block-file__button wp-element-button\" download aria-describedby=\"wp-block-file--media-0c98949c-19d1-43e2-97a3-de80440bfdac\">Descarga<\/a><\/div>\n\n\n\n<p><\/p>\n\n\n\n<p><\/p>\n\n\n\n<p><strong>RESOLUCI\u00d3N 6179\/25<\/strong> &#8211; <\/p>\n\n\n\n<p>PROCEDIMIENTO PARA LA COBERTURA POR PRUEBAS DE SELECCI\u00d3N POR EVALUACI\u00d3N DE<br>T\u00cdTULOS, ANTECEDENTES Y OPOSICI\u00d3N DE M\u00d3DULOS \/HORAS C\u00c1TEDRAS Y CARGOS<br>DOCENTES DE BASE<\/p>\n\n\n\n<div class=\"wp-block-file\"><object class=\"wp-block-file__embed\" data=\"https:\/\/isfd26-bue.infd.edu.ar\/sitio\/wp-content\/uploads\/2025\/12\/RESOC-2025-6179-GDEBA-DGCYE_1.pdf\" type=\"application\/pdf\" style=\"width:100%;height:600px\" aria-label=\"Incrustado de RESOC-2025-6179-GDEBA-DGCYE_1.\"><\/object><a id=\"wp-block-file--media-6858e8de-2557-413c-bf84-501793abd903\" href=\"https:\/\/isfd26-bue.infd.edu.ar\/sitio\/wp-content\/uploads\/2025\/12\/RESOC-2025-6179-GDEBA-DGCYE_1.pdf\">RESOC-2025-6179-GDEBA-DGCYE_1<\/a><a href=\"https:\/\/isfd26-bue.infd.edu.ar\/sitio\/wp-content\/uploads\/2025\/12\/RESOC-2025-6179-GDEBA-DGCYE_1.pdf\" class=\"wp-block-file__button wp-element-button\" download aria-describedby=\"wp-block-file--media-6858e8de-2557-413c-bf84-501793abd903\">Descarga<\/a><\/div>\n\n\n\n<p><\/p>\n\n\n\n<p><strong>SALIDAS EDUCATIVAS (ANEXOS 4-5-7-8-9)<\/strong><\/p>\n\n\n\n<p><\/p>\n\n\n\n<div class=\"wp-block-file\"><a id=\"wp-block-file--media-2c8892a0-bc90-4169-82f8-7a82b44f6eb4\" href=\"https:\/\/isfd26-bue.infd.edu.ar\/sitio\/wp-content\/uploads\/2024\/12\/ANEXO-4-IF-2024-35029395-GDEBA-CGCYEDGCYE-1.docx\">ANEXO-4-IF-2024-35029395-GDEBA-CGCYEDGCYE-1<\/a><a href=\"https:\/\/isfd26-bue.infd.edu.ar\/sitio\/wp-content\/uploads\/2024\/12\/ANEXO-4-IF-2024-35029395-GDEBA-CGCYEDGCYE-1.docx\" class=\"wp-block-file__button wp-element-button\" download aria-describedby=\"wp-block-file--media-2c8892a0-bc90-4169-82f8-7a82b44f6eb4\">Descarga<\/a><\/div>\n\n\n\n<div class=\"wp-block-file\"><a id=\"wp-block-file--media-09f32781-1db9-4cd1-826f-230bed2c5667\" href=\"https:\/\/isfd26-bue.infd.edu.ar\/sitio\/wp-content\/uploads\/2024\/12\/ANEXO-5-IF-2024-35029666-GDEBA-CGCYEDGCYE-1.docx\">ANEXO-5-IF-2024-35029666-GDEBA-CGCYEDGCYE-1<\/a><a href=\"https:\/\/isfd26-bue.infd.edu.ar\/sitio\/wp-content\/uploads\/2024\/12\/ANEXO-5-IF-2024-35029666-GDEBA-CGCYEDGCYE-1.docx\" class=\"wp-block-file__button wp-element-button\" download aria-describedby=\"wp-block-file--media-09f32781-1db9-4cd1-826f-230bed2c5667\">Descarga<\/a><\/div>\n\n\n\n<div class=\"wp-block-file\"><a id=\"wp-block-file--media-6ac4ba48-e8f7-44bc-af77-0a5086c39a59\" href=\"https:\/\/isfd26-bue.infd.edu.ar\/sitio\/wp-content\/uploads\/2024\/12\/ANEXO-7-IF-2024-35030927-GDEBA-CGCYEDGCYE-1.docx\">ANEXO-7-IF-2024-35030927-GDEBA-CGCYEDGCYE-1<\/a><a href=\"https:\/\/isfd26-bue.infd.edu.ar\/sitio\/wp-content\/uploads\/2024\/12\/ANEXO-7-IF-2024-35030927-GDEBA-CGCYEDGCYE-1.docx\" class=\"wp-block-file__button wp-element-button\" download aria-describedby=\"wp-block-file--media-6ac4ba48-e8f7-44bc-af77-0a5086c39a59\">Descarga<\/a><\/div>\n\n\n\n<div class=\"wp-block-file\"><a id=\"wp-block-file--media-c7467e40-6f61-48a8-a87f-c47e13c50cd3\" href=\"https:\/\/isfd26-bue.infd.edu.ar\/sitio\/wp-content\/uploads\/2024\/12\/ANEXO-8-IF-2024-35031394-GDEBA-CGCYEDGCYE-1.docx\">ANEXO-8-IF-2024-35031394-GDEBA-CGCYEDGCYE-1<\/a><a href=\"https:\/\/isfd26-bue.infd.edu.ar\/sitio\/wp-content\/uploads\/2024\/12\/ANEXO-8-IF-2024-35031394-GDEBA-CGCYEDGCYE-1.docx\" class=\"wp-block-file__button wp-element-button\" download aria-describedby=\"wp-block-file--media-c7467e40-6f61-48a8-a87f-c47e13c50cd3\">Descarga<\/a><\/div>\n\n\n\n<div class=\"wp-block-file\"><a id=\"wp-block-file--media-0da55051-dd1a-4593-96b1-71586a139bcc\" href=\"https:\/\/isfd26-bue.infd.edu.ar\/sitio\/wp-content\/uploads\/2024\/12\/ANEXO-9-IF-2024-35031909-GDEBA-CGCYEDGCYE-1.docx\">ANEXO-9-IF-2024-35031909-GDEBA-CGCYEDGCYE-1<\/a><a href=\"https:\/\/isfd26-bue.infd.edu.ar\/sitio\/wp-content\/uploads\/2024\/12\/ANEXO-9-IF-2024-35031909-GDEBA-CGCYEDGCYE-1.docx\" class=\"wp-block-file__button wp-element-button\" download aria-describedby=\"wp-block-file--media-0da55051-dd1a-4593-96b1-71586a139bcc\">Descarga<\/a><\/div>\n\n\n\n<div class=\"wp-block-file\"><object class=\"wp-block-file__embed\" data=\"https:\/\/isfd26-bue.infd.edu.ar\/sitio\/wp-content\/uploads\/2026\/02\/PLAN-CONTINUIDAD-PEDAGOGICA-2026.pdf\" type=\"application\/pdf\" style=\"width:100%;height:600px\" aria-label=\"Incrustado de <br&gt;<br&gt;PLAN-CONTINUIDAD-PEDAGOGICA-2026.\"><\/object><a id=\"wp-block-file--media-543f9086-ffbb-438e-a638-4f9d2971caa9\" href=\"https:\/\/isfd26-bue.infd.edu.ar\/sitio\/wp-content\/uploads\/2026\/02\/PLAN-CONTINUIDAD-PEDAGOGICA-2026.pdf\"><br><br>PLAN-CONTINUIDAD-PEDAGOGICA-2026<\/a><a href=\"https:\/\/isfd26-bue.infd.edu.ar\/sitio\/wp-content\/uploads\/2026\/02\/PLAN-CONTINUIDAD-PEDAGOGICA-2026.pdf\" class=\"wp-block-file__button wp-element-button\" download aria-describedby=\"wp-block-file--media-543f9086-ffbb-438e-a638-4f9d2971caa9\"><\/a><\/div>\n\n\n\n<div class=\"wp-block-file\"><object class=\"wp-block-file__embed\" data=\"https:\/\/isfd26-bue.infd.edu.ar\/sitio\/wp-content\/uploads\/2025\/08\/PI26-2025.pdf\" type=\"application\/pdf\" style=\"width:100%;height:600px\" aria-label=\"Incrustado de PI26-2025.\"><\/object><a id=\"wp-block-file--media-3da91e87-11ce-411a-ba53-77236df8f943\" href=\"https:\/\/isfd26-bue.infd.edu.ar\/sitio\/wp-content\/uploads\/2025\/08\/PI26-2025.pdf\">PI26-2025<\/a><a href=\"https:\/\/isfd26-bue.infd.edu.ar\/sitio\/wp-content\/uploads\/2025\/08\/PI26-2025.pdf\" class=\"wp-block-file__button wp-element-button\" download aria-describedby=\"wp-block-file--media-3da91e87-11ce-411a-ba53-77236df8f943\"><\/a><\/div>\n\n\n\n<div class=\"wp-block-file\"><object class=\"wp-block-file__embed\" data=\"https:\/\/isfd26-bue.infd.edu.ar\/sitio\/wp-content\/uploads\/2026\/04\/PLAN-DE-PREVENCION-DE-RIESGOS-2026.pdf\" type=\"application\/pdf\" style=\"width:100%;height:600px\" aria-label=\"Incrustado de PLAN-DE-PREVENCION-DE-RIESGOS-2026.\"><\/object><a id=\"wp-block-file--media-f9e05f36-a037-4ffe-9255-212450477306\" href=\"https:\/\/isfd26-bue.infd.edu.ar\/sitio\/wp-content\/uploads\/2026\/04\/PLAN-DE-PREVENCION-DE-RIESGOS-2026.pdf\">PLAN-DE-PREVENCION-DE-RIESGOS-2026<\/a><a href=\"https:\/\/isfd26-bue.infd.edu.ar\/sitio\/wp-content\/uploads\/2026\/04\/PLAN-DE-PREVENCION-DE-RIESGOS-2026.pdf\" class=\"wp-block-file__button wp-element-button\" download aria-describedby=\"wp-block-file--media-f9e05f36-a037-4ffe-9255-212450477306\"><\/a><\/div>\n\n\n\n<p><\/p>\n\n\n\n<div class=\"wp-block-file\"><object class=\"wp-block-file__embed\" data=\"https:\/\/isfd26-bue.infd.edu.ar\/sitio\/wp-content\/uploads\/2026\/03\/PROYECTO-SUPERVISION-2026.pdf\" type=\"application\/pdf\" style=\"width:100%;height:600px\" aria-label=\"Incrustado de PROYECTO-SUPERVISION-2026.\"><\/object><a id=\"wp-block-file--media-1acf14cd-c24f-400a-969e-c94adf6c10ef\" href=\"https:\/\/isfd26-bue.infd.edu.ar\/sitio\/wp-content\/uploads\/2026\/03\/PROYECTO-SUPERVISION-2026.pdf\">PROYECTO-SUPERVISION-2026<\/a><a href=\"https:\/\/isfd26-bue.infd.edu.ar\/sitio\/wp-content\/uploads\/2026\/03\/PROYECTO-SUPERVISION-2026.pdf\" class=\"wp-block-file__button wp-element-button\" download aria-describedby=\"wp-block-file--media-1acf14cd-c24f-400a-969e-c94adf6c10ef\">Descarga<\/a><\/div>\n\n\n\n<p><\/p>\n\n\n\n<p><strong>PROGRAMAS DE ESTUDIO 202<\/strong>6<\/p>\n\n\n\n<div class=\"wp-block-file\"><object class=\"wp-block-file__embed\" data=\"https:\/\/isfd26-bue.infd.edu.ar\/sitio\/wp-content\/uploads\/2026\/02\/PROGRAMAS-DE-ESTUDIO-2026.pdf\" type=\"application\/pdf\" style=\"width:100%;height:600px\" aria-label=\"Incrustado de PROGRAMAS-DE-ESTUDIO-2026.\"><\/object><a id=\"wp-block-file--media-7b82a488-2353-42b8-987e-f1ac5b7db288\" href=\"https:\/\/isfd26-bue.infd.edu.ar\/sitio\/wp-content\/uploads\/2026\/02\/PROGRAMAS-DE-ESTUDIO-2026.pdf\">PROGRAMAS-DE-ESTUDIO-2026<\/a><a href=\"https:\/\/isfd26-bue.infd.edu.ar\/sitio\/wp-content\/uploads\/2026\/02\/PROGRAMAS-DE-ESTUDIO-2026.pdf\" class=\"wp-block-file__button wp-element-button\" download aria-describedby=\"wp-block-file--media-7b82a488-2353-42b8-987e-f1ac5b7db288\">Descarga<\/a><\/div>\n\n\n\n<div class=\"wp-block-file\"><object class=\"wp-block-file__embed\" data=\"https:\/\/isfd26-bue.infd.edu.ar\/sitio\/wp-content\/uploads\/2026\/02\/PLANES-2026-AGENDA-docentes.pdf\" type=\"application\/pdf\" style=\"width:100%;height:600px\" aria-label=\"Incrustado de PLANES-2026-AGENDA-docentes.\"><\/object><a id=\"wp-block-file--media-c52e987f-32ea-43ec-b4a8-c6445e6820a4\" href=\"https:\/\/isfd26-bue.infd.edu.ar\/sitio\/wp-content\/uploads\/2026\/02\/PLANES-2026-AGENDA-docentes.pdf\">PLANES-2026-AGENDA-docentes<\/a><a href=\"https:\/\/isfd26-bue.infd.edu.ar\/sitio\/wp-content\/uploads\/2026\/02\/PLANES-2026-AGENDA-docentes.pdf\" class=\"wp-block-file__button wp-element-button\" download aria-describedby=\"wp-block-file--media-c52e987f-32ea-43ec-b4a8-c6445e6820a4\">Descarga<\/a><\/div>\n\n\n\n<div class=\"wp-block-file\"><a id=\"wp-block-file--media-483032ec-837d-4678-8d63-9b4a5ae762fd\" href=\"https:\/\/isfd26-bue.infd.edu.ar\/sitio\/wp-content\/uploads\/2025\/08\/AVANCE-ACADEMICO-2025.doc\">AVANCE-ACADEMICO-2025<\/a><a href=\"https:\/\/isfd26-bue.infd.edu.ar\/sitio\/wp-content\/uploads\/2025\/08\/AVANCE-ACADEMICO-2025.doc\" class=\"wp-block-file__button wp-element-button\" download aria-describedby=\"wp-block-file--media-483032ec-837d-4678-8d63-9b4a5ae762fd\">Descarga<\/a><\/div>\n","protected":false},"excerpt":{"rendered":"<p>REGIMEN ACADEMICO MARCO &#8211; RES. 4196\/24 D.G.C.y E. R\u00c9GIMEN ACAD\u00c9MICO INSTITUCIONAL PLAN DE EVALUACI\u00d3N INSTITUCIONAL REGLAMENTO DE PRACTICAS DOCENTES REGLAMENTO PRACTICAS PROFESIONALES (CARRERAS T\u00c9CNICAS) RESOLUCI\u00d3N 6179\/25 &#8211; PROCEDIMIENTO PARA LA COBERTURA POR PRUEBAS DE SELECCI\u00d3N POR EVALUACI\u00d3N DET\u00cdTULOS, ANTECEDENTES Y OPOSICI\u00d3N DE M\u00d3DULOS \/HORAS C\u00c1TEDRAS Y CARGOSDOCENTES DE BASE SALIDAS EDUCATIVAS (ANEXOS 4-5-7-8-9) PROGRAMAS DE &#8230; <a title=\"DOCUMENTOS MARCO\" class=\"read-more\" href=\"https:\/\/isfd26-bue.infd.edu.ar\/sitio\/documentos-marco\/\" aria-label=\"More on DOCUMENTOS MARCO\">[+]<\/a><\/p>\n","protected":false},"author":15,"featured_media":0,"parent":0,"menu_order":0,"comment_status":"closed","ping_status":"closed","template":"","meta":[],"acf":[],"_links":{"self":[{"href":"https:\/\/isfd26-bue.infd.edu.ar\/sitio\/wp-json\/wp\/v2\/pages\/776"}],"collection":[{"href":"https:\/\/isfd26-bue.infd.edu.ar\/sitio\/wp-json\/wp\/v2\/pages"}],"about":[{"href":"https:\/\/isfd26-bue.infd.edu.ar\/sitio\/wp-json\/wp\/v2\/types\/page"}],"author":[{"embeddable":true,"href":"https:\/\/isfd26-bue.infd.edu.ar\/sitio\/wp-json\/wp\/v2\/users\/15"}],"replies":[{"embeddable":true,"href":"https:\/\/isfd26-bue.infd.edu.ar\/sitio\/wp-json\/wp\/v2\/comments?post=776"}],"version-history":[{"count":30,"href":"https:\/\/isfd26-bue.infd.edu.ar\/sitio\/wp-json\/wp\/v2\/pages\/776\/revisions"}],"predecessor-version":[{"id":2092,"href":"https:\/\/isfd26-bue.infd.edu.ar\/sitio\/wp-json\/wp\/v2\/pages\/776\/revisions\/2092"}],"wp:attachment":[{"href":"https:\/\/isfd26-bue.infd.edu.ar\/sitio\/wp-json\/wp\/v2\/media?parent=776"}],"curies":[{"name":"wp","href":"https:\/\/api.w.org\/{rel}","templated":true}]}}